?
-20
What is the value of (65 - 62) + 33 + -60?
-24
Evaluate 11 + 0 + -937 + 963.
37
What is the value of 0 + -94 + 129 + -60?
-25
What is 58 + (-55 - -123 - 133)?
-7
Evaluate 6 - ((-2 + 64 - (-5 - -10)) + 2 + 1).
-54
What is -6585 + 6575 - (89 + -3)?
-96
Evaluate 31 - (-15 + 1 - (109 + -116) - (-5 + 2)).
35
What is (53 - (37 + -12) - 48) + -11?
-31
What is 32 + 24 + 31 + -131?
-44
Calculate -791 + 797 - (-53 + (8 + -3 - 2) + 2).
54
Calculate -29 + (-10 - -35) + -34.
-38
What is -92 - (19 + (-20 - 26) + -4)?
-61
Calculate -106 + 32 + -90 + 105.
-59
What is (-3 + -46 - -31) + 35 - 71?
-54
What is the value of 2 - -97 - -2 - (18512 - 18493)?
82
What is the value of (23 - -7) + -1006 + 937?
-39
What is the value of -6111 + 6117 - (-1 - 66)?
73
What is the value of (16 - 2) + -1 + (-3101 - -3080)?
-8
What is -11 + (4 - (-4 - -4)) - (-26 + (6 - 23))?
36
What is the value of (289 - 279 - (-2 - -15)) + 42?
39
Calculate -5 + (-11 - (-2 - 39)) + -16 + (77 - -2).
88
(-59 + 34 - (10 - -13)) + -4
-52
What is -1 - -2 - 22 - (1382 - 1409)?
6
What is -19 + 9 + (13 - (37 + -17)) + 14?
-3
What is (1 - 0) + -9 + (282 - (109 - -129))?
36
What is the value of (-156 - (-283 + 140)) + -2 + (21 - -2)?
8
What is -38 + (-39 - (11 + -19 - 25))?
-44
What is the value of (1 + -1 - 1) + 29 + (25 - 38 - 73)?
-58
Evaluate 1 + (-2 - -30) - (-2745 + 2732).
42
Calculate (-2 - -93) + (-3811 - -3693).
-27
(2 - 10) + 0 + 2 + -111 + (1491 - 1506)
-132
Calculate -20 - 5 - (-219 + 186) - 3.
5
What is 1 - (47 + -27 + -103)?
84
Calculate -12 + (3 - 1) - ((-22 - -13) + 5 + -23).
17
Evaluate -15 + (17 - -28 - 14) + 0 + -60.
-44
Calculate -1 + 5 - (-14 - (0 - (2 + 0) - 1)).
15
Evaluate -32 - -1 - (14 - ((-5 - -13) + -20 - -30)).
-27
What is the value of -116 - (-106 + 132 + -60)?
-82
Evaluate (-18 - -26 - -11) + -23 + (-5 - 23).
-32
What is the value of (-79 - -34 - -51) + 10 + -1 + -2?
13
What is 0 + (17 - (0 - -22))?
-5
Evaluate (-3 + -3 - ((1 - 2) + -1)) + (1061 - 1014).
43
What is the value of (-10 - (-11 + -49)) + (-4 + -7 - -2)?
41
Calculate (31 - (-110 - 25)) + -19 - (21 - -2).
124
Evaluate 46 + -34 - (1 + 15) - (-64 - 2).
62
What is (159 - 120) + -29 + -3 + 5?
12
Evaluate 1 + -2 + (116 + (-84 - -32) - (7 - 3)).
59
What is the value of (70 - 172 - -176) + -17 + -2 + 2?
57
Calculate 8 + -3 - (40 + 16 + -41 + -23).
13
(-7 - (-7 + (12 - 5) - 12)) + 34 - 10
29
Evaluate -4 - 2 - 12 - -23 - 15.
-10
What is (-13 - 0 - -8 - 3) + (-37 - (1 + 0))?
-46
What is 8 - (7 + (-9 - -18) - 1)?
-7
What is the value of 3 + (26 - (12 + 20)) + (24 - 0)?
21
50 + -2 - (484 + -452)
16
What is the value of -27 - (41 + -20 - (92 - 16))?
28
15 + 5 + (-11 - (-2 + 2))
9
What is -13 + -27 + 1 + -1 + 16?
-24
Evaluate -26 - (-22 - (22 + -29)) - -16.
5
Calculate -3 + (-2 - 4 - -10 - (3 + -11 + 12)).
-3
Evaluate 3 + -9 + 9 + 10 + -1.
12
14 + (17 - 6) + -33 - (-7 + -49)
48
What is 31 + -8 + 7 + -46?
-16
Evaluate 29 + (20 - 10) - (-23 - -13 - -17).
32
Evaluate 36 + (36 - 9 - 6).
57
What is the value of (0 - (-13 - -30) - (-33 - -1)) + -66?
-51
What is the value of -25 + 69 + -218 + 81?
-93
What is 4 + (-4 - -37) - (-228 + 241 - (15 + 2))?
41
What is the value of -8 + -3 - (-158 - (-51 + 29 + 13 + -4))?
134
12 - (9 - 11 - -19) - 14
-19
Evaluate 13 - 4 - (-43 + 8 + 1).
43
What is the value of 16 + 37 + -8 + -10 - -3?
38
28 - (133 - 54) - -77
26
What is the value of -13 + 60 + (-46 - -19)?
20
What is the value of 10 + -42 + 16 + (1 - 20)?
-35
What is 47 - ((-1 - -2) + -6 - (-13 - (-73 - -55)))?
57
(-7 - (2 + -3 + -2)) + -145 + 156
7
Calculate (22 + -2 - (74 + -20)) + 24.
-10
Evaluate 14 + (21 + -10 - 21 - (-2 + -7)) + -9.
4
Calculate (-24 - -3) + 65 + -19.
25
Calculate 1162 + -1020 + (-2 - 77).
63
Calculate -60 + (15 - (-5 - 3 - -17)) + -2 + 7.
-49
What is -4 - -2 - 92 - 0 - ((21 - -20) + -46)?
-89
What is -2 - (-16 + -80 + (15 - -11))?
68
Evaluate -46 + (2 - 4) + -18 + 19 + 13.
-34
What is -7 - (-42 - (43 + -51))?
27
What is -116 + 5 - (96 - (-3 + 112))?
-98
(-114 - -64 - -40) + 7 + (3 - -1) + -3
-2
Calculate -124 + (-82 - -196) + 116.
106
What is the value of (4269 - 4190) + -2 + (-2 - -2) + 2 - -1?
80
-9 - ((4 + -1 - -5) + -30 + 27 + -55)
41
(3 - 4) + 19 - (69 + -38)
-13
(6 - -33) + -1125 + 1176
90
What is the value of -94 + (-9 - 11) + 52 + 6?
-56
What is (11 - 15 - 6) + 13 + -118?
-115
(-199 - (-140 + 3)) + -28 + 0 + -12 + 0
-102
Calculate 66 + 3 + (-19 + -5 + (5 - -4) - -10).
64
What is the value of (19 - 30) + (4 - ((-2 - 0) + 46 + 6))?
-57
Calculate (-47 + 227 - 80) + -43.
57
(-6 - -19) + 0 + -26 - 0
-13
82 + -25 + (105 - (-34 - -67))
129
Evaluate -49 + 12 + 20 + -80 + 35.
-62
Calculate -5 + -1 + (17 - (33 - 14)) + (-58 - -39).
-27
What is the value of -42 - (2 - 32 - 4)?
-8
Calculate 8 + (4 - 33) + 5 + 6 + -82.
-92
What is the value of -6 + 8 + (20 - -7 - (2 - -2))?
25
What is 148 + -63 + -17 + -162?
-94
What is the value of -101 + 69 + 213 + -125?
56
Calculate -63 + (3 - -14) + -3 + (-344 - -325) + -13.
-81
What is the value of 11 - (-7 + 0 - (-12 - -31))?
37
What is -13 - 1 - (-66 + 56 - 12)?
8
Evaluate 24 - (-2 - (5 + (1 - (9 - 0)))).
23
What is the value of -30 + (-2 - 1) + (0 - (18 - 30)) + -15?
-36
41 + (0 - (6 + (2 + -2 + -4 - -4)))
35
Calculate (-139 - -126) + (75 - (-13 + 10)).
65
What is the value of -70 - (-64 + 58 + -46)?
-18
Calculate 73 - 93 - (0 + -39) - 45.
-26
7 + (-52 - -7) - (959 - 947)
-50
(-3 - 4) + (-27 + 29 - 18)
-23
(-36 + 58 - (-20 + -15)) + -7
50
What is the value of -16 - (-409 - -394 - (-3 + 0 + -39))?
-43
What is the value of -44 - (-80 - (20 + -50))?
6
Calculate -2 + -9 - (2 - -6 - 69).
50
What is 6 + ((-7 - (0 - -2)) + 15 - (11 + 32))?
-31
What is the value of 24 - -1 - (-320 + 256 - -191)?
-102
9 + (1 - (1 + 12)) + (26 - 0)
23
Calculate (1 + 0 - 14) + 202 + -94 + -98.
-3
2 + 1 - (21 - (-1 + -2))
-21
What is the value of 0 + (0 - -2) - (-3766 + 3768)?
0
What is 10 + (29 - -87 - 53)?
73
What is -160 + 117 + 67 + 0?
24
Evaluate 4 - (9 + 1) - ((10 - (-8 - -8)) + 69).
-85
Calculate (-20 - -11) + 2 + -3 + (-13 - (13 - 82)).
46
68 - 37 - 50 - -12 - (0 - -40)
-47
What is the value of -20 - (-1 + 6 + -19) - (19 + -5 + 16)?
-36
What is 3 - 4 - (3 + -1 + (19 - 31)) - -35?
44
What is 99 - (9 + (15 - 23) + 10 - 6)?
94
Evaluate -10 - (-85 - (-31 + 14)) - 20.
38
What is the value of -9 - 2 - (-8 + (-13 - -10) + 27)?
-27
What is -257 + (93 - 67) - -120?
-111
243 + (-63 - -85 - 154)
111
(94 + 59 - 122) + (0 - 108)
-77
What is the value of 2 - (-43 + (-60 - -75))?
30
Evaluate (-4 - -57) + 38 - (35 + -12 + -3).
71
Evaluate 22 - 27 - -19 - -34.
48
Evaluate (-77 - -3) + -5 - 7 - (-13 + 11).
-84
What is the value of -57 - (28 + -134 - -42)?
7
Calculate -18 + 30 - (-16 + (41 + -17 - 9)).
13
What is (210 - 177) + 2 + 12?
47
What is (1 - -2) + 151 + -164 - (4 + -17)?
3
What is the value of -2 - (-10 - -19) - (-55 + 26 + 6)?
12
What is the value of -31 - ((30 - -5) + -44)?
-22
(-157 - (83 + -218)) + 171
149
What is (0 - 32) + 56 + -55 + 9?
-22
Evaluate -7 + 24 + 3 + -9 - (14 - 9).
6
What is -17 + (78 - 57) + (4 - -1) + -41?
-32
Evaluate -15 + 3 + -7 + (26 - 23) + -10.
-26
Evaluate 10 + 18 + 6 - (416 + -250).
-132
What is -14 + -2 + 0 + (-32 - (-79 + 46))?
-15
What is the value of 20 + -40 + -24 + (-3 - 12)?
-59
(-28 - (3 - 14) - 12) + 8
-21
What is the value of 3 + 11 + (1 - (-3 - -3)) + (-8479 - -8483)?
19
55 - 48 - (-6 + 12 + -3 + 1 + 41)
-38
(20 + -55 - -67 - 48) + 41
25
What is 32 - (3 + 7 + 13) - 30?
-21
Evaluate 100 + -262 + -15 + 98.
-79
What is the value of 188 + 79 + -192 - 55?
20
Calculate -1 + 3 - (897 - 853).
-42
What is -8 - (-2 + -24) - (-9 + (-11 - -21))?
17
What is the value of 13 + -2 - (334 - 351)?
28
Calculate 35 + (38 - (54 + -3)) + -41.
-19
Evaluate (2 - 18) + (-2535 - -2530).
-21
Evaluate 26 - 179 - (-527 - -482).
-108
Calculate -10 + (31 - 62) - 3.
-44
11 - (-22 + 7 + -22 + 22)
26
What is the value of -13 - (-11 + (8 - 18) - -8)?
0
What is the value of -98 - ((-12 - 10) + 18 + (-3 - -19))?
-110
Evaluate -10 - -155 - (335 + -295).
105
Evaluate (-4 + 5 - (13 - 51)) + -10 + (0 - 4).
25
Evaluate (-9 - -2) + 982 + -936.
39
Evaluate (0 - 14) + (-36 - -139) + -64.
25
Evaluate (40 - (-23 - 34 - -24)) + (-3 - -2) + 8.
80
What is -7 + -4 - (1 - -1) - (22 + (22 - 44))?
-13
What is the val